{"id":32,"date":"2016-05-18T12:25:56","date_gmt":"2016-05-18T11:25:56","guid":{"rendered":"http:\/\/www.maisonbeausoleil.fr\/?page_id=32"},"modified":"2025-11-24T16:14:05","modified_gmt":"2025-11-24T15:14:05","slug":"architecture-plan-maison-individuelle-passive-paille","status":"publish","type":"page","link":"https:\/\/www.maisonbeausoleil.fr\/index.php\/architecture-plan-maison-individuelle-passive-paille\/","title":{"rendered":"Collections &#8211; Plans Maisons passives \u00e0 isolation paille"},"content":{"rendered":"<div class=\"flex_column av_one_fifth  flex_column_div first  avia-builder-el-0  el_before_av_three_fifth  avia-builder-el-first  \" ><\/div>\n<div class=\"flex_column av_three_fifth  flex_column_div   avia-builder-el-1  el_after_av_one_fifth  el_before_av_one_fifth  \" ><section class=\"av_textblock_section \"  itemscope=\"itemscope\" itemtype=\"https:\/\/schema.org\/CreativeWork\" ><div class='avia_textblock  '   itemprop=\"text\" ><h3>C O L L E C T I O N<\/h3>\n<h3>Plans Maisons Individuelles Passives \u00e0 Isolation Paille<\/h3>\n<\/div><\/section><br \/>\n<section class=\"av_textblock_section \"  itemscope=\"itemscope\" itemtype=\"https:\/\/schema.org\/CreativeWork\" ><div class='avia_textblock  '  style='font-size:16px; '  itemprop=\"text\" ><p>D\u00e9couvrez de nos concepts de maisons passives bioclimatiques, alliant confort actuel et respect de l&rsquo;environnement. B\u00e9n\u00e9ficiez d&rsquo;une empreinte carbone r\u00e9duite, de mat\u00e9riaux durables et d&rsquo;\u00e9conomie d&rsquo;\u00e9nergie significative. Faite le choix d&rsquo;un mode de vie responsable et sain pour un avenir durable.<\/p>\n<\/div><\/section><br \/>\n<section class=\"av_textblock_section \"  itemscope=\"itemscope\" itemtype=\"https:\/\/schema.org\/CreativeWork\" ><div class='avia_textblock  '  style='font-size:17px; '  itemprop=\"text\" ><p><strong>Estimation prix construction maison passive isolation paille :<\/strong>\u00a0<strong><a href=\"https:\/\/www.maisonbeausoleil.fr\/index.php\/devis-construction-maison-passive-paille-en-mayenne-53\/\">Contactez nous<\/a><\/strong><\/p>\n<\/div><\/section><\/p><\/div><div class=\"flex_column av_one_fifth  flex_column_div   avia-builder-el-5  el_after_av_three_fifth  el_before_av_one_third  \" ><\/div><\/p>\n<div class=\"flex_column av_one_third  flex_column_div first  avia-builder-el-6  el_after_av_one_fifth  el_before_av_one_third  column-top-margin\" ><div  class='avia-image-container avia_animated_image avia_animate_when_almost_visible pop-up av-styling-circle  noHover  av-overlay-on-hover   avia-builder-el-7  avia-builder-el-no-sibling  avia-align-center '  itemprop=\"image\" itemscope=\"itemscope\" itemtype=\"https:\/\/schema.org\/ImageObject\"  ><div class='avia-image-container-inner'><div class='avia-image-overlay-wrap'><a href='https:\/\/www.maisonbeausoleil.fr\/index.php\/portfolio-item\/maison-individuelle-passive-paille-maine-et-loire-49\/' class='avia_image'  ><div class='av-image-caption-overlay'><div class='av-caption-image-overlay-bg' style='opacity:0.4; background-color:#000000; '><\/div><div class='av-image-caption-overlay-position'><div class='av-image-caption-overlay-center' style='color:#ffffff; '><p>Maison Beausoleil &#8211; Rez de chauss\u00e9e + \u00c9tage &#8211; 186.00 m\u00b2<\/p>\n<\/div><\/div><\/div><img class='avia_image ' src='https:\/\/www.maisonbeausoleil.fr\/wp-content\/uploads\/2016\/05\/GEMIN-maquette-blanche-300x172.jpg' alt='' title='GEMIN - maquette blanche'  itemprop=\"thumbnailUrl\"  \/><\/a><\/div><\/div><\/div><\/div>\n<div class=\"flex_column av_one_third  flex_column_div   avia-builder-el-8  el_after_av_one_third  el_before_av_one_third  column-top-margin\" ><div  class='avia-image-container avia_animated_image avia_animate_when_almost_visible pop-up av-styling-circle  noHover  av-overlay-on-hover   avia-builder-el-9  avia-builder-el-no-sibling  avia-align-center '  itemprop=\"image\" itemscope=\"itemscope\" itemtype=\"https:\/\/schema.org\/ImageObject\"  ><div class='avia-image-container-inner'><div class='avia-image-overlay-wrap'><a href='https:\/\/www.maisonbeausoleil.fr\/index.php\/portfolio-item\/maison-individuelle-passive-bioclimatique-isolation-paille-53-mayenne\/' class='avia_image'  ><div class='av-image-caption-overlay'><div class='av-caption-image-overlay-bg' style='opacity:0.4; background-color:#000000; '><\/div><div class='av-image-caption-overlay-position'><div class='av-image-caption-overlay-center' style='color:#ffffff; '><p>Maison Beausoleil &#8211; Rez de chauss\u00e9e + \u00c9tage &#8211; 160.00 m\u00b2<\/p>\n<\/div><\/div><\/div><img class='avia_image ' src='https:\/\/www.maisonbeausoleil.fr\/wp-content\/uploads\/2016\/05\/FOURNIER_PLESSIS-maquette-blanche-300x172.jpg' alt='' title='FOURNIER_PLESSIS - maquette blanche'  itemprop=\"thumbnailUrl\"  \/><\/a><\/div><\/div><\/div><\/div>\n<div class=\"flex_column av_one_third  flex_column_div   avia-builder-el-10  el_after_av_one_third  el_before_av_one_third  column-top-margin\" ><div  class='avia-image-container avia_animated_image avia_animate_when_almost_visible pop-up av-styling-circle  noHover  av-overlay-on-hover   avia-builder-el-11  avia-builder-el-no-sibling  avia-align-center '  itemprop=\"image\" itemscope=\"itemscope\" itemtype=\"https:\/\/schema.org\/ImageObject\"  ><div class='avia-image-container-inner'><div class='avia-image-overlay-wrap'><a href='https:\/\/www.maisonbeausoleil.fr\/index.php\/portfolio-item\/maison-individuelle-passive-bioclimatique-isolation-paille-53-mayenne-2\/' class='avia_image'  ><div class='av-image-caption-overlay'><div class='av-caption-image-overlay-bg' style='opacity:0.4; background-color:#000000; '><\/div><div class='av-image-caption-overlay-position'><div class='av-image-caption-overlay-center' style='color:#ffffff; '><p>Maison Beausoleil &#8211; Plein pied- 120.00 m\u00b2<\/p>\n<\/div><\/div><\/div><img class='avia_image ' src='https:\/\/www.maisonbeausoleil.fr\/wp-content\/uploads\/2016\/07\/HUNAULT-maquette-blanche-300x172.jpg' alt='' title='maisonbeausoleil.fr'  itemprop=\"thumbnailUrl\"  \/><\/a><\/div><\/div><\/div><\/div>\n<div class=\"flex_column av_one_third  flex_column_div first  avia-builder-el-12  el_after_av_one_third  el_before_av_one_third  column-top-margin\" ><div  class='avia-image-container avia_animated_image avia_animate_when_almost_visible pop-up av-styling-circle  noHover  av-overlay-on-hover   avia-builder-el-13  avia-builder-el-no-sibling  avia-align-center '  itemprop=\"image\" itemscope=\"itemscope\" itemtype=\"https:\/\/schema.org\/ImageObject\"  ><div class='avia-image-container-inner'><div class='avia-image-overlay-wrap'><a href='https:\/\/www.maisonbeausoleil.fr\/index.php\/portfolio-item\/maison-individuelle-passive-bioclimatique-isolation-paille-laval-53-mayenne\/' class='avia_image'  ><div class='av-image-caption-overlay'><div class='av-caption-image-overlay-bg' style='opacity:0.4; background-color:#000000; '><\/div><div class='av-image-caption-overlay-position'><div class='av-image-caption-overlay-center' style='color:#ffffff; '><p>Maison Beausoleil &#8211; Rez de chauss\u00e9e + \u00c9tage &#8211; 135.00 m\u00b2<\/p>\n<\/div><\/div><\/div><img class='avia_image ' src='https:\/\/www.maisonbeausoleil.fr\/wp-content\/uploads\/2016\/07\/BRIZOU-maquette-blanche-1-300x167.jpg' alt='maisonbeausoleil.fr-les maison passive bioclimatique bas carbone en ossature bois \u00e0isolation paille-Concept JY Gommerel cr\u00e9ateur d&#039;espace \u00e0 vivre...' title='MaisonBeauSoleil.fr-maison-passive-bioclimatique-ossature-bois-paille-JY Gommerel\u00a9'  itemprop=\"thumbnailUrl\"  \/><\/a><\/div><\/div><\/div><\/div>\n<div class=\"flex_column av_one_third  flex_column_div   avia-builder-el-14  el_after_av_one_third  el_before_av_one_third  column-top-margin\" ><div  class='avia-image-container avia_animated_image avia_animate_when_almost_visible pop-up av-styling-circle  noHover  av-overlay-on-hover   avia-builder-el-15  avia-builder-el-no-sibling  avia-align-center '  itemprop=\"image\" itemscope=\"itemscope\" itemtype=\"https:\/\/schema.org\/ImageObject\"  ><div class='avia-image-container-inner'><div class='avia-image-overlay-wrap'><a href='https:\/\/www.maisonbeausoleil.fr\/index.php\/portfolio-item\/maison-individuelle-passive-bioclimatique-isolation-paille-53-mayenne-3\/' class='avia_image'  ><div class='av-image-caption-overlay'><div class='av-caption-image-overlay-bg' style='opacity:0.4; background-color:#000000; '><\/div><div class='av-image-caption-overlay-position'><div class='av-image-caption-overlay-center' style='color:#ffffff; '><p>Maison Beausoleil &#8211; Plein pied &#8211; 100.00 m\u00b2<\/p>\n<\/div><\/div><\/div><img class='avia_image ' src='https:\/\/www.maisonbeausoleil.fr\/wp-content\/uploads\/2016\/05\/AUSSAGE-maquette-blanche-300x167.jpg' alt='' title='AUSSAGE - maquette blanche'  itemprop=\"thumbnailUrl\"  \/><\/a><\/div><\/div><\/div><\/div>\n<div class=\"flex_column av_one_third  flex_column_div   avia-builder-el-16  el_after_av_one_third  avia-builder-el-last  column-top-margin\" ><div  class='avia-image-container avia_animated_image avia_animate_when_almost_visible pop-up av-styling-circle  noHover  av-overlay-on-hover   avia-builder-el-17  avia-builder-el-no-sibling  avia-align-center '  itemprop=\"image\" itemscope=\"itemscope\" itemtype=\"https:\/\/schema.org\/ImageObject\"  ><div class='avia-image-container-inner'><div class='avia-image-overlay-wrap'><a href='https:\/\/www.maisonbeausoleil.fr\/index.php\/portfolio-item\/maison-individuelle-passive-bioclimatique-isolation-paille-53-houssay-mayenne\/' class='avia_image'  ><div class='av-image-caption-overlay'><div class='av-caption-image-overlay-bg' style='opacity:0.4; background-color:#000000; '><\/div><div class='av-image-caption-overlay-position'><div class='av-image-caption-overlay-center' style='color:#ffffff; '><p>Maison Beausoleil &#8211; Rez de chauss\u00e9e + \u00c9tage  &#8211; 158m2<\/p>\n<\/div><\/div><\/div><img class='avia_image ' src='https:\/\/www.maisonbeausoleil.fr\/wp-content\/uploads\/2018\/03\/SALMON-LEDAUPHIN-maquette-blanche-300x168.jpg' alt='' title='JY Gommerel - maisonbeausoleil.fr - Plan esquisse SELLEDA'  itemprop=\"thumbnailUrl\"  \/><\/a><\/div><\/div><\/div><\/div>\n","protected":false},"excerpt":{"rendered":"","protected":false},"author":1,"featured_media":0,"parent":0,"menu_order":0,"comment_status":"closed","ping_status":"closed","template":"","meta":{"footnotes":""},"class_list":["post-32","page","type-page","status-publish","hentry"],"yoast_head":"<!-- This site is optimized with the Yoast SEO plugin v27.4 - https:\/\/yoast.com\/product\/yoast-seo-wordpress\/ -->\n<title>Collections - Plans Maisons passives \u00e0 isolation paille - Maison passive bioclimatique ossature bois isolation paille<\/title>\n<meta name=\"description\" content=\"concept et plans maisons individuelles passives \u00e0 isolation paille de haute qualit\u00e9 environnemental pour r\u00e9duire impact pour la plan\u00e8te\" \/>\n<meta name=\"robots\" content=\"index, follow, max-snippet:-1, max-image-preview:large, max-video-preview:-1\" \/>\n<link rel=\"canonical\" href=\"https:\/\/www.maisonbeausoleil.fr\/index.php\/architecture-plan-maison-individuelle-passive-paille\/\" \/>\n<meta property=\"og:locale\" content=\"fr_FR\" \/>\n<meta property=\"og:type\" content=\"article\" \/>\n<meta property=\"og:title\" content=\"Collections - Plans Maisons passives \u00e0 isolation paille - Maison passive bioclimatique ossature bois isolation paille\" \/>\n<meta property=\"og:description\" content=\"concept et plans maisons individuelles passives \u00e0 isolation paille de haute qualit\u00e9 environnemental pour r\u00e9duire impact pour la plan\u00e8te\" \/>\n<meta property=\"og:url\" content=\"https:\/\/www.maisonbeausoleil.fr\/index.php\/architecture-plan-maison-individuelle-passive-paille\/\" \/>\n<meta property=\"og:site_name\" content=\"Maison passive bioclimatique ossature bois isolation paille\" \/>\n<meta property=\"article:publisher\" content=\"https:\/\/www.facebook.com\/maisonenergiepositive\/?locale=fr_FR\" \/>\n<meta property=\"article:modified_time\" content=\"2025-11-24T15:14:05+00:00\" \/>\n<meta name=\"twitter:card\" content=\"summary_large_image\" \/>\n<meta name=\"twitter:site\" content=\"@UC0WxY73_wQkCxambOiOLiGQ\" \/>\n<meta name=\"twitter:label1\" content=\"Dur\u00e9e de lecture estim\u00e9e\" \/>\n\t<meta name=\"twitter:data1\" content=\"2 minutes\" \/>\n<script type=\"application\/ld+json\" class=\"yoast-schema-graph\">{\"@context\":\"https:\\\/\\\/schema.org\",\"@graph\":[{\"@type\":\"Article\",\"@id\":\"https:\\\/\\\/www.maisonbeausoleil.fr\\\/index.php\\\/architecture-plan-maison-individuelle-passive-paille\\\/#article\",\"isPartOf\":{\"@id\":\"https:\\\/\\\/www.maisonbeausoleil.fr\\\/index.php\\\/architecture-plan-maison-individuelle-passive-paille\\\/\"},\"author\":{\"name\":\"admin6931\",\"@id\":\"https:\\\/\\\/www.maisonbeausoleil.fr\\\/#\\\/schema\\\/person\\\/e9806009e68358fb7932a7ad6e9b0df6\"},\"headline\":\"Collections &#8211; Plans Maisons passives \u00e0 isolation paille\",\"datePublished\":\"2016-05-18T11:25:56+00:00\",\"dateModified\":\"2025-11-24T15:14:05+00:00\",\"mainEntityOfPage\":{\"@id\":\"https:\\\/\\\/www.maisonbeausoleil.fr\\\/index.php\\\/architecture-plan-maison-individuelle-passive-paille\\\/\"},\"wordCount\":653,\"publisher\":{\"@id\":\"https:\\\/\\\/www.maisonbeausoleil.fr\\\/#organization\"},\"inLanguage\":\"fr-FR\"},{\"@type\":[\"WebPage\",\"RealEstateListing\"],\"@id\":\"https:\\\/\\\/www.maisonbeausoleil.fr\\\/index.php\\\/architecture-plan-maison-individuelle-passive-paille\\\/\",\"url\":\"https:\\\/\\\/www.maisonbeausoleil.fr\\\/index.php\\\/architecture-plan-maison-individuelle-passive-paille\\\/\",\"name\":\"Collections - Plans Maisons passives \u00e0 isolation paille - Maison passive bioclimatique ossature bois isolation paille\",\"isPartOf\":{\"@id\":\"https:\\\/\\\/www.maisonbeausoleil.fr\\\/#website\"},\"datePublished\":\"2016-05-18T11:25:56+00:00\",\"dateModified\":\"2025-11-24T15:14:05+00:00\",\"description\":\"concept et plans maisons individuelles passives \u00e0 isolation paille de haute qualit\u00e9 environnemental pour r\u00e9duire impact pour la plan\u00e8te\",\"breadcrumb\":{\"@id\":\"https:\\\/\\\/www.maisonbeausoleil.fr\\\/index.php\\\/architecture-plan-maison-individuelle-passive-paille\\\/#breadcrumb\"},\"inLanguage\":\"fr-FR\",\"potentialAction\":[{\"@type\":\"ReadAction\",\"target\":[\"https:\\\/\\\/www.maisonbeausoleil.fr\\\/index.php\\\/architecture-plan-maison-individuelle-passive-paille\\\/\"]}]},{\"@type\":\"BreadcrumbList\",\"@id\":\"https:\\\/\\\/www.maisonbeausoleil.fr\\\/index.php\\\/architecture-plan-maison-individuelle-passive-paille\\\/#breadcrumb\",\"itemListElement\":[{\"@type\":\"ListItem\",\"position\":1,\"name\":\"Accueil\",\"item\":\"https:\\\/\\\/www.maisonbeausoleil.fr\\\/index.php\\\/construire-en-paille-mayenne-53\\\/\"},{\"@type\":\"ListItem\",\"position\":2,\"name\":\"Collections &#8211; Plans Maisons passives \u00e0 isolation paille\"}]},{\"@type\":\"WebSite\",\"@id\":\"https:\\\/\\\/www.maisonbeausoleil.fr\\\/#website\",\"url\":\"https:\\\/\\\/www.maisonbeausoleil.fr\\\/\",\"name\":\"Maison passive bioclimatique \u00e0 isolation paille\",\"description\":\"JY Gommerel dessine votre maison passive bioclimatique isolation paille en Mayenne\",\"publisher\":{\"@id\":\"https:\\\/\\\/www.maisonbeausoleil.fr\\\/#organization\"},\"alternateName\":\"Maison passive bioclimatique \u00e0 isolation paille en Mayenne 53\",\"potentialAction\":[{\"@type\":\"SearchAction\",\"target\":{\"@type\":\"EntryPoint\",\"urlTemplate\":\"https:\\\/\\\/www.maisonbeausoleil.fr\\\/?s={search_term_string}\"},\"query-input\":{\"@type\":\"PropertyValueSpecification\",\"valueRequired\":true,\"valueName\":\"search_term_string\"}}],\"inLanguage\":\"fr-FR\"},{\"@type\":\"Organization\",\"@id\":\"https:\\\/\\\/www.maisonbeausoleil.fr\\\/#organization\",\"name\":\"Maison passive bioclimatique \u00e0 isolation paille\",\"alternateName\":\"Maison passive bioclimatique \u00e0 isolation paille en Mayenne 53\",\"url\":\"https:\\\/\\\/www.maisonbeausoleil.fr\\\/\",\"logo\":{\"@type\":\"ImageObject\",\"inLanguage\":\"fr-FR\",\"@id\":\"https:\\\/\\\/www.maisonbeausoleil.fr\\\/#\\\/schema\\\/logo\\\/image\\\/\",\"url\":\"https:\\\/\\\/www.maisonbeausoleil.fr\\\/wp-content\\\/uploads\\\/2021\\\/12\\\/LOGO-BEAUSOLEIL-FINAL.jpg\",\"contentUrl\":\"https:\\\/\\\/www.maisonbeausoleil.fr\\\/wp-content\\\/uploads\\\/2021\\\/12\\\/LOGO-BEAUSOLEIL-FINAL.jpg\",\"width\":1080,\"height\":401,\"caption\":\"Maison passive bioclimatique \u00e0 isolation paille\"},\"image\":{\"@id\":\"https:\\\/\\\/www.maisonbeausoleil.fr\\\/#\\\/schema\\\/logo\\\/image\\\/\"},\"sameAs\":[\"https:\\\/\\\/www.facebook.com\\\/maisonenergiepositive\\\/?locale=fr_FR\",\"https:\\\/\\\/x.com\\\/UC0WxY73_wQkCxambOiOLiGQ\",\"https:\\\/\\\/www.gommerel-habitat-passif.com\\\/\",\"https:\\\/\\\/www.youtube.com\\\/channel\\\/UC0WxY73_wQkCxambOiOLiGQ\",\"https:\\\/\\\/www.instagram.com\\\/maison_passive_paille\\\/?hl=fr\",\"https:\\\/\\\/www.facebook.com\\\/maisonenergiepositive\\\/\"]},{\"@type\":\"Person\",\"@id\":\"https:\\\/\\\/www.maisonbeausoleil.fr\\\/#\\\/schema\\\/person\\\/e9806009e68358fb7932a7ad6e9b0df6\",\"name\":\"admin6931\",\"image\":{\"@type\":\"ImageObject\",\"inLanguage\":\"fr-FR\",\"@id\":\"https:\\\/\\\/secure.gravatar.com\\\/avatar\\\/18284576904894c82ec98c34d0656671e1dc2c7bb1bfbe7743bdfdd73ca15dce?s=96&d=mm&r=g\",\"url\":\"https:\\\/\\\/secure.gravatar.com\\\/avatar\\\/18284576904894c82ec98c34d0656671e1dc2c7bb1bfbe7743bdfdd73ca15dce?s=96&d=mm&r=g\",\"contentUrl\":\"https:\\\/\\\/secure.gravatar.com\\\/avatar\\\/18284576904894c82ec98c34d0656671e1dc2c7bb1bfbe7743bdfdd73ca15dce?s=96&d=mm&r=g\",\"caption\":\"admin6931\"},\"url\":\"https:\\\/\\\/www.maisonbeausoleil.fr\\\/index.php\\\/author\\\/admin6931\\\/\"}]}<\/script>\n<!-- \/ Yoast SEO plugin. -->","yoast_head_json":{"title":"Collections - Plans Maisons passives \u00e0 isolation paille - Maison passive bioclimatique ossature bois isolation paille","description":"concept et plans maisons individuelles passives \u00e0 isolation paille de haute qualit\u00e9 environnemental pour r\u00e9duire impact pour la plan\u00e8te","robots":{"index":"index","follow":"follow","max-snippet":"max-snippet:-1","max-image-preview":"max-image-preview:large","max-video-preview":"max-video-preview:-1"},"canonical":"https:\/\/www.maisonbeausoleil.fr\/index.php\/architecture-plan-maison-individuelle-passive-paille\/","og_locale":"fr_FR","og_type":"article","og_title":"Collections - Plans Maisons passives \u00e0 isolation paille - Maison passive bioclimatique ossature bois isolation paille","og_description":"concept et plans maisons individuelles passives \u00e0 isolation paille de haute qualit\u00e9 environnemental pour r\u00e9duire impact pour la plan\u00e8te","og_url":"https:\/\/www.maisonbeausoleil.fr\/index.php\/architecture-plan-maison-individuelle-passive-paille\/","og_site_name":"Maison passive bioclimatique ossature bois isolation paille","article_publisher":"https:\/\/www.facebook.com\/maisonenergiepositive\/?locale=fr_FR","article_modified_time":"2025-11-24T15:14:05+00:00","twitter_card":"summary_large_image","twitter_site":"@UC0WxY73_wQkCxambOiOLiGQ","twitter_misc":{"Dur\u00e9e de lecture estim\u00e9e":"2 minutes"},"schema":{"@context":"https:\/\/schema.org","@graph":[{"@type":"Article","@id":"https:\/\/www.maisonbeausoleil.fr\/index.php\/architecture-plan-maison-individuelle-passive-paille\/#article","isPartOf":{"@id":"https:\/\/www.maisonbeausoleil.fr\/index.php\/architecture-plan-maison-individuelle-passive-paille\/"},"author":{"name":"admin6931","@id":"https:\/\/www.maisonbeausoleil.fr\/#\/schema\/person\/e9806009e68358fb7932a7ad6e9b0df6"},"headline":"Collections &#8211; Plans Maisons passives \u00e0 isolation paille","datePublished":"2016-05-18T11:25:56+00:00","dateModified":"2025-11-24T15:14:05+00:00","mainEntityOfPage":{"@id":"https:\/\/www.maisonbeausoleil.fr\/index.php\/architecture-plan-maison-individuelle-passive-paille\/"},"wordCount":653,"publisher":{"@id":"https:\/\/www.maisonbeausoleil.fr\/#organization"},"inLanguage":"fr-FR"},{"@type":["WebPage","RealEstateListing"],"@id":"https:\/\/www.maisonbeausoleil.fr\/index.php\/architecture-plan-maison-individuelle-passive-paille\/","url":"https:\/\/www.maisonbeausoleil.fr\/index.php\/architecture-plan-maison-individuelle-passive-paille\/","name":"Collections - Plans Maisons passives \u00e0 isolation paille - Maison passive bioclimatique ossature bois isolation paille","isPartOf":{"@id":"https:\/\/www.maisonbeausoleil.fr\/#website"},"datePublished":"2016-05-18T11:25:56+00:00","dateModified":"2025-11-24T15:14:05+00:00","description":"concept et plans maisons individuelles passives \u00e0 isolation paille de haute qualit\u00e9 environnemental pour r\u00e9duire impact pour la plan\u00e8te","breadcrumb":{"@id":"https:\/\/www.maisonbeausoleil.fr\/index.php\/architecture-plan-maison-individuelle-passive-paille\/#breadcrumb"},"inLanguage":"fr-FR","potentialAction":[{"@type":"ReadAction","target":["https:\/\/www.maisonbeausoleil.fr\/index.php\/architecture-plan-maison-individuelle-passive-paille\/"]}]},{"@type":"BreadcrumbList","@id":"https:\/\/www.maisonbeausoleil.fr\/index.php\/architecture-plan-maison-individuelle-passive-paille\/#breadcrumb","itemListElement":[{"@type":"ListItem","position":1,"name":"Accueil","item":"https:\/\/www.maisonbeausoleil.fr\/index.php\/construire-en-paille-mayenne-53\/"},{"@type":"ListItem","position":2,"name":"Collections &#8211; Plans Maisons passives \u00e0 isolation paille"}]},{"@type":"WebSite","@id":"https:\/\/www.maisonbeausoleil.fr\/#website","url":"https:\/\/www.maisonbeausoleil.fr\/","name":"Maison passive bioclimatique \u00e0 isolation paille","description":"JY Gommerel dessine votre maison passive bioclimatique isolation paille en Mayenne","publisher":{"@id":"https:\/\/www.maisonbeausoleil.fr\/#organization"},"alternateName":"Maison passive bioclimatique \u00e0 isolation paille en Mayenne 53","potentialAction":[{"@type":"SearchAction","target":{"@type":"EntryPoint","urlTemplate":"https:\/\/www.maisonbeausoleil.fr\/?s={search_term_string}"},"query-input":{"@type":"PropertyValueSpecification","valueRequired":true,"valueName":"search_term_string"}}],"inLanguage":"fr-FR"},{"@type":"Organization","@id":"https:\/\/www.maisonbeausoleil.fr\/#organization","name":"Maison passive bioclimatique \u00e0 isolation paille","alternateName":"Maison passive bioclimatique \u00e0 isolation paille en Mayenne 53","url":"https:\/\/www.maisonbeausoleil.fr\/","logo":{"@type":"ImageObject","inLanguage":"fr-FR","@id":"https:\/\/www.maisonbeausoleil.fr\/#\/schema\/logo\/image\/","url":"https:\/\/www.maisonbeausoleil.fr\/wp-content\/uploads\/2021\/12\/LOGO-BEAUSOLEIL-FINAL.jpg","contentUrl":"https:\/\/www.maisonbeausoleil.fr\/wp-content\/uploads\/2021\/12\/LOGO-BEAUSOLEIL-FINAL.jpg","width":1080,"height":401,"caption":"Maison passive bioclimatique \u00e0 isolation paille"},"image":{"@id":"https:\/\/www.maisonbeausoleil.fr\/#\/schema\/logo\/image\/"},"sameAs":["https:\/\/www.facebook.com\/maisonenergiepositive\/?locale=fr_FR","https:\/\/x.com\/UC0WxY73_wQkCxambOiOLiGQ","https:\/\/www.gommerel-habitat-passif.com\/","https:\/\/www.youtube.com\/channel\/UC0WxY73_wQkCxambOiOLiGQ","https:\/\/www.instagram.com\/maison_passive_paille\/?hl=fr","https:\/\/www.facebook.com\/maisonenergiepositive\/"]},{"@type":"Person","@id":"https:\/\/www.maisonbeausoleil.fr\/#\/schema\/person\/e9806009e68358fb7932a7ad6e9b0df6","name":"admin6931","image":{"@type":"ImageObject","inLanguage":"fr-FR","@id":"https:\/\/secure.gravatar.com\/avatar\/18284576904894c82ec98c34d0656671e1dc2c7bb1bfbe7743bdfdd73ca15dce?s=96&d=mm&r=g","url":"https:\/\/secure.gravatar.com\/avatar\/18284576904894c82ec98c34d0656671e1dc2c7bb1bfbe7743bdfdd73ca15dce?s=96&d=mm&r=g","contentUrl":"https:\/\/secure.gravatar.com\/avatar\/18284576904894c82ec98c34d0656671e1dc2c7bb1bfbe7743bdfdd73ca15dce?s=96&d=mm&r=g","caption":"admin6931"},"url":"https:\/\/www.maisonbeausoleil.fr\/index.php\/author\/admin6931\/"}]}},"_links":{"self":[{"href":"https:\/\/www.maisonbeausoleil.fr\/index.php\/wp-json\/wp\/v2\/pages\/32","targetHints":{"allow":["GET"]}}],"collection":[{"href":"https:\/\/www.maisonbeausoleil.fr\/index.php\/wp-json\/wp\/v2\/pages"}],"about":[{"href":"https:\/\/www.maisonbeausoleil.fr\/index.php\/wp-json\/wp\/v2\/types\/page"}],"author":[{"embeddable":true,"href":"https:\/\/www.maisonbeausoleil.fr\/index.php\/wp-json\/wp\/v2\/users\/1"}],"replies":[{"embeddable":true,"href":"https:\/\/www.maisonbeausoleil.fr\/index.php\/wp-json\/wp\/v2\/comments?post=32"}],"version-history":[{"count":110,"href":"https:\/\/www.maisonbeausoleil.fr\/index.php\/wp-json\/wp\/v2\/pages\/32\/revisions"}],"predecessor-version":[{"id":2644,"href":"https:\/\/www.maisonbeausoleil.fr\/index.php\/wp-json\/wp\/v2\/pages\/32\/revisions\/2644"}],"wp:attachment":[{"href":"https:\/\/www.maisonbeausoleil.fr\/index.php\/wp-json\/wp\/v2\/media?parent=32"}],"curies":[{"name":"wp","href":"https:\/\/api.w.org\/{rel}","templated":true}]}}