{"id":308,"date":"2016-07-04T15:54:43","date_gmt":"2016-07-04T14:54:43","guid":{"rendered":"http:\/\/www.maisonbeausoleil.fr\/?page_id=308"},"modified":"2025-10-23T10:44:39","modified_gmt":"2025-10-23T09:44:39","slug":"permis-de-construire-maisons-passive-isolation-paille","status":"publish","type":"page","link":"https:\/\/www.maisonbeausoleil.fr\/index.php\/maison-construction-ossature-bois-isolation-paille\/projet-construction-maison-bioclimatique-isolation-paille\/permis-de-construire-maisons-passive-isolation-paille\/","title":{"rendered":"D\u00e9marches"},"content":{"rendered":"<section class=\"av_textblock_section \"  itemscope=\"itemscope\" itemtype=\"https:\/\/schema.org\/CreativeWork\" ><div class='avia_textblock  '   itemprop=\"text\" ><h5 style=\"text-align: center;\">JE VEUX UNE\u00a0MAISON BEAUSOLEIL ! QUE DOIS-JE FAIRE ?<\/h5>\n<\/div><\/section>\n<div  style='height:5px' class='hr hr-invisible   avia-builder-el-1  el_after_av_textblock  el_before_av_one_fifth '><span class='hr-inner ' ><span class='hr-inner-style'><\/span><\/span><\/div>\n<div class=\"flex_column av_one_fifth  flex_column_div first  avia-builder-el-2  el_after_av_hr  el_before_av_one_fifth  \" ><\/div>\n<div class=\"flex_column av_one_fifth  flex_column_div   avia-builder-el-3  el_after_av_one_fifth  el_before_av_one_fifth  \" ><\/div>\n<div class=\"flex_column av_one_fifth  flex_column_div   avia-builder-el-4  el_after_av_one_fifth  el_before_av_one_fifth  \" ><div  class='avia-image-container avia_animated_image avia_animate_when_almost_visible pop-up av-styling-circle    avia-builder-el-5  avia-builder-el-no-sibling  avia-align-center '  itemprop=\"image\" itemscope=\"itemscope\" itemtype=\"https:\/\/schema.org\/ImageObject\"  ><div class='avia-image-container-inner'><div class='avia-image-overlay-wrap'><img class='avia_image' src='https:\/\/www.maisonbeausoleil.fr\/wp-content\/uploads\/2016\/08\/PICTOS-DEMARCHES-180x180.jpg' alt='' title='PICTOS - DEMARCHES' height=\"180\" width=\"180\"  itemprop=\"thumbnailUrl\"  \/><\/div><\/div><\/div><\/div>\n<div class=\"flex_column av_one_fifth  flex_column_div   avia-builder-el-6  el_after_av_one_fifth  el_before_av_one_fifth  \" ><\/div>\n<div class=\"flex_column av_one_fifth  flex_column_div   avia-builder-el-7  el_after_av_one_fifth  el_before_av_hr  \" ><\/div>\n<div  style='height:25px' class='hr hr-invisible   avia-builder-el-8  el_after_av_one_fifth  el_before_av_one_full '><span class='hr-inner ' ><span class='hr-inner-style'><\/span><\/span><\/div>\n<div class=\"flex_column av_one_full  flex_column_div first  avia-builder-el-9  el_after_av_hr  el_before_av_hr  \" ><div  class='avia-button-wrap avia-button-center  avia-builder-el-10  avia-builder-el-no-sibling ' ><a href='https:\/\/www.maisonbeausoleil.fr\/index.php\/devis-construction-maison-passive-paille-en-mayenne-53\/'  class='avia-button   avia-icon_select-yes-left-icon avia-color-theme-color avia-size-small avia-position-center '   ><span class='avia_button_icon avia_button_icon_left ' aria-hidden='true' data-av_icon='\ue803' data-av_iconfont='entypo-fontello'><\/span><span class='avia_iconbox_title' >Contactez-nous pour en savoir + sur les d\u00e9marches li\u00e9es \u00e0 votre projet maison paille<\/span><\/a><\/div><\/div>\n<div  style='height:25px' class='hr hr-invisible   avia-builder-el-11  el_after_av_one_full  el_before_av_textblock '><span class='hr-inner ' ><span class='hr-inner-style'><\/span><\/span><\/div>\n<section class=\"av_textblock_section \"  itemscope=\"itemscope\" itemtype=\"https:\/\/schema.org\/CreativeWork\" ><div class='avia_textblock  '   itemprop=\"text\" ><p>Vous avez un projet de construction et voulez une MaisonBeausoleil\u00a0: r\u00e9f\u00e9rez-vous \u00e0 notre section <a href=\"https:\/\/www.maisonbeausoleil.fr\/index.php\/construction-maison-bioclimatique-en-mayenne-53\/\"><strong><span style=\"color: #000000;\">Prestations<\/span><\/strong><\/a>\u00a0pour avoir des informations compl\u00e9mentaires.<\/p>\n<p><a href=\"https:\/\/www.maisonbeausoleil.fr\/index.php\/contact-gommerel-maison-beausoleil-isolation-paille-mayenne-53\/\"><strong><span style=\"color: #000000;\">Contactez-nous via notre\u00a0Formulaire<\/span><\/strong><\/a>\u00a0et donnez-nous toutes les informations concernant votre projet. Nous vous recontacterons et vous mettrons en relation avec un professionnel de notre r\u00e9seau.<\/p>\n<p>Si vous souhaitez travailler avec un architecte de votre connaissance,\u00a0merci\u00a0nous mettre en relation avec son agence.<\/p>\n<p>Vous pouvez porter votre choix sur l&rsquo;un de nos mod\u00e8les MaisonBeausoleil, nous \u00e9tudions son adaptation\u00a0\u00e0 votre terrain et vos besoins.<\/p>\n<\/div><\/section>\n<div  style='height:25px' class='hr hr-invisible   avia-builder-el-13  el_after_av_textblock  el_before_av_button '><span class='hr-inner ' ><span class='hr-inner-style'><\/span><\/span><\/div>\n<div  class='avia-button-wrap avia-button-center  avia-builder-el-14  el_after_av_hr  avia-builder-el-last ' ><a href='https:\/\/www.maisonbeausoleil.fr\/index.php\/maison-construction-ossature-bois-isolation-paille\/'  class='avia-button   avia-icon_select-yes-left-icon avia-color-theme-color avia-size-medium avia-position-center '   ><span class='avia_button_icon avia_button_icon_left ' aria-hidden='true' data-av_icon='\ue803' data-av_iconfont='entypo-fontello'><\/span><span class='avia_iconbox_title' >En savoir encore +<\/span><\/a><\/div>\n","protected":false},"excerpt":{"rendered":"","protected":false},"author":1,"featured_media":0,"parent":984,"menu_order":3,"comment_status":"closed","ping_status":"closed","template":"","meta":{"footnotes":""},"class_list":["post-308","page","type-page","status-publish","hentry"],"yoast_head":"<!-- This site is optimized with the Yoast SEO plugin v27.5 - https:\/\/yoast.com\/product\/yoast-seo-wordpress\/ -->\n<title>D\u00e9marches - Maison passive bioclimatique ossature bois isolation paille<\/title>\n<meta name=\"description\" content=\"Permis de construire pour la construction d&#039;une maison passive \u00e0 isolation paille en Mayenne, Sarthe, Maine et Loire, Vend\u00e9e\" \/>\n<meta name=\"robots\" content=\"index, follow, max-snippet:-1, max-image-preview:large, max-video-preview:-1\" \/>\n<link rel=\"canonical\" href=\"https:\/\/www.maisonbeausoleil.fr\/index.php\/maison-construction-ossature-bois-isolation-paille\/projet-construction-maison-bioclimatique-isolation-paille\/permis-de-construire-maisons-passive-isolation-paille\/\" \/>\n<meta property=\"og:locale\" content=\"fr_FR\" \/>\n<meta property=\"og:type\" content=\"article\" \/>\n<meta property=\"og:title\" content=\"D\u00e9marches - Maison passive bioclimatique ossature bois isolation paille\" \/>\n<meta property=\"og:description\" content=\"Permis de construire pour la construction d&#039;une maison passive \u00e0 isolation paille en Mayenne, Sarthe, Maine et Loire, Vend\u00e9e\" \/>\n<meta property=\"og:url\" content=\"https:\/\/www.maisonbeausoleil.fr\/index.php\/maison-construction-ossature-bois-isolation-paille\/projet-construction-maison-bioclimatique-isolation-paille\/permis-de-construire-maisons-passive-isolation-paille\/\" \/>\n<meta property=\"og:site_name\" content=\"Maison passive bioclimatique ossature bois isolation paille\" \/>\n<meta property=\"article:publisher\" content=\"https:\/\/www.facebook.com\/maisonenergiepositive\/?locale=fr_FR\" \/>\n<meta property=\"article:modified_time\" content=\"2025-10-23T09:44:39+00:00\" \/>\n<meta name=\"twitter:card\" content=\"summary_large_image\" \/>\n<meta name=\"twitter:site\" content=\"@UC0WxY73_wQkCxambOiOLiGQ\" \/>\n<meta name=\"twitter:label1\" content=\"Dur\u00e9e de lecture estim\u00e9e\" \/>\n\t<meta name=\"twitter:data1\" content=\"2 minutes\" \/>\n<script type=\"application\/ld+json\" class=\"yoast-schema-graph\">{\"@context\":\"https:\\\/\\\/schema.org\",\"@graph\":[{\"@type\":\"Article\",\"@id\":\"https:\\\/\\\/www.maisonbeausoleil.fr\\\/index.php\\\/maison-construction-ossature-bois-isolation-paille\\\/projet-construction-maison-bioclimatique-isolation-paille\\\/permis-de-construire-maisons-passive-isolation-paille\\\/#article\",\"isPartOf\":{\"@id\":\"https:\\\/\\\/www.maisonbeausoleil.fr\\\/index.php\\\/maison-construction-ossature-bois-isolation-paille\\\/projet-construction-maison-bioclimatique-isolation-paille\\\/permis-de-construire-maisons-passive-isolation-paille\\\/\"},\"author\":{\"name\":\"admin6931\",\"@id\":\"https:\\\/\\\/www.maisonbeausoleil.fr\\\/#\\\/schema\\\/person\\\/e9806009e68358fb7932a7ad6e9b0df6\"},\"headline\":\"D\u00e9marches\",\"datePublished\":\"2016-07-04T14:54:43+00:00\",\"dateModified\":\"2025-10-23T09:44:39+00:00\",\"mainEntityOfPage\":{\"@id\":\"https:\\\/\\\/www.maisonbeausoleil.fr\\\/index.php\\\/maison-construction-ossature-bois-isolation-paille\\\/projet-construction-maison-bioclimatique-isolation-paille\\\/permis-de-construire-maisons-passive-isolation-paille\\\/\"},\"wordCount\":504,\"publisher\":{\"@id\":\"https:\\\/\\\/www.maisonbeausoleil.fr\\\/#organization\"},\"inLanguage\":\"fr-FR\"},{\"@type\":[\"WebPage\",\"CollectionPage\"],\"@id\":\"https:\\\/\\\/www.maisonbeausoleil.fr\\\/index.php\\\/maison-construction-ossature-bois-isolation-paille\\\/projet-construction-maison-bioclimatique-isolation-paille\\\/permis-de-construire-maisons-passive-isolation-paille\\\/\",\"url\":\"https:\\\/\\\/www.maisonbeausoleil.fr\\\/index.php\\\/maison-construction-ossature-bois-isolation-paille\\\/projet-construction-maison-bioclimatique-isolation-paille\\\/permis-de-construire-maisons-passive-isolation-paille\\\/\",\"name\":\"D\u00e9marches - Maison passive bioclimatique ossature bois isolation paille\",\"isPartOf\":{\"@id\":\"https:\\\/\\\/www.maisonbeausoleil.fr\\\/#website\"},\"datePublished\":\"2016-07-04T14:54:43+00:00\",\"dateModified\":\"2025-10-23T09:44:39+00:00\",\"description\":\"Permis de construire pour la construction d'une maison passive \u00e0 isolation paille en Mayenne, Sarthe, Maine et Loire, Vend\u00e9e\",\"breadcrumb\":{\"@id\":\"https:\\\/\\\/www.maisonbeausoleil.fr\\\/index.php\\\/maison-construction-ossature-bois-isolation-paille\\\/projet-construction-maison-bioclimatique-isolation-paille\\\/permis-de-construire-maisons-passive-isolation-paille\\\/#breadcrumb\"},\"inLanguage\":\"fr-FR\"},{\"@type\":\"BreadcrumbList\",\"@id\":\"https:\\\/\\\/www.maisonbeausoleil.fr\\\/index.php\\\/maison-construction-ossature-bois-isolation-paille\\\/projet-construction-maison-bioclimatique-isolation-paille\\\/permis-de-construire-maisons-passive-isolation-paille\\\/#breadcrumb\",\"itemListElement\":[{\"@type\":\"ListItem\",\"position\":1,\"name\":\"Accueil\",\"item\":\"https:\\\/\\\/www.maisonbeausoleil.fr\\\/index.php\\\/construire-en-paille-mayenne-53\\\/\"},{\"@type\":\"ListItem\",\"position\":2,\"name\":\"En savoir +\",\"item\":\"https:\\\/\\\/www.maisonbeausoleil.fr\\\/index.php\\\/maison-construction-ossature-bois-isolation-paille\\\/\"},{\"@type\":\"ListItem\",\"position\":3,\"name\":\"LE PROJET\",\"item\":\"https:\\\/\\\/www.maisonbeausoleil.fr\\\/index.php\\\/maison-construction-ossature-bois-isolation-paille\\\/projet-construction-maison-bioclimatique-isolation-paille\\\/\"},{\"@type\":\"ListItem\",\"position\":4,\"name\":\"D\u00e9marches\"}]},{\"@type\":\"WebSite\",\"@id\":\"https:\\\/\\\/www.maisonbeausoleil.fr\\\/#website\",\"url\":\"https:\\\/\\\/www.maisonbeausoleil.fr\\\/\",\"name\":\"Maison passive bioclimatique \u00e0 isolation paille\",\"description\":\"JY Gommerel dessine votre maison passive bioclimatique isolation paille en Mayenne\",\"publisher\":{\"@id\":\"https:\\\/\\\/www.maisonbeausoleil.fr\\\/#organization\"},\"alternateName\":\"Maison passive bioclimatique \u00e0 isolation paille en Mayenne 53\",\"potentialAction\":[{\"@type\":\"SearchAction\",\"target\":{\"@type\":\"EntryPoint\",\"urlTemplate\":\"https:\\\/\\\/www.maisonbeausoleil.fr\\\/?s={search_term_string}\"},\"query-input\":{\"@type\":\"PropertyValueSpecification\",\"valueRequired\":true,\"valueName\":\"search_term_string\"}}],\"inLanguage\":\"fr-FR\"},{\"@type\":\"Organization\",\"@id\":\"https:\\\/\\\/www.maisonbeausoleil.fr\\\/#organization\",\"name\":\"Maison passive bioclimatique \u00e0 isolation paille\",\"alternateName\":\"Maison passive bioclimatique \u00e0 isolation paille en Mayenne 53\",\"url\":\"https:\\\/\\\/www.maisonbeausoleil.fr\\\/\",\"logo\":{\"@type\":\"ImageObject\",\"inLanguage\":\"fr-FR\",\"@id\":\"https:\\\/\\\/www.maisonbeausoleil.fr\\\/#\\\/schema\\\/logo\\\/image\\\/\",\"url\":\"https:\\\/\\\/www.maisonbeausoleil.fr\\\/wp-content\\\/uploads\\\/2021\\\/12\\\/LOGO-BEAUSOLEIL-FINAL.jpg\",\"contentUrl\":\"https:\\\/\\\/www.maisonbeausoleil.fr\\\/wp-content\\\/uploads\\\/2021\\\/12\\\/LOGO-BEAUSOLEIL-FINAL.jpg\",\"width\":1080,\"height\":401,\"caption\":\"Maison passive bioclimatique \u00e0 isolation paille\"},\"image\":{\"@id\":\"https:\\\/\\\/www.maisonbeausoleil.fr\\\/#\\\/schema\\\/logo\\\/image\\\/\"},\"sameAs\":[\"https:\\\/\\\/www.facebook.com\\\/maisonenergiepositive\\\/?locale=fr_FR\",\"https:\\\/\\\/x.com\\\/UC0WxY73_wQkCxambOiOLiGQ\",\"https:\\\/\\\/www.gommerel-habitat-passif.com\\\/\",\"https:\\\/\\\/www.youtube.com\\\/channel\\\/UC0WxY73_wQkCxambOiOLiGQ\",\"https:\\\/\\\/www.instagram.com\\\/maison_passive_paille\\\/?hl=fr\",\"https:\\\/\\\/www.facebook.com\\\/maisonenergiepositive\\\/\"]},{\"@type\":\"Person\",\"@id\":\"https:\\\/\\\/www.maisonbeausoleil.fr\\\/#\\\/schema\\\/person\\\/e9806009e68358fb7932a7ad6e9b0df6\",\"name\":\"admin6931\",\"image\":{\"@type\":\"ImageObject\",\"inLanguage\":\"fr-FR\",\"@id\":\"https:\\\/\\\/secure.gravatar.com\\\/avatar\\\/18284576904894c82ec98c34d0656671e1dc2c7bb1bfbe7743bdfdd73ca15dce?s=96&d=mm&r=g\",\"url\":\"https:\\\/\\\/secure.gravatar.com\\\/avatar\\\/18284576904894c82ec98c34d0656671e1dc2c7bb1bfbe7743bdfdd73ca15dce?s=96&d=mm&r=g\",\"contentUrl\":\"https:\\\/\\\/secure.gravatar.com\\\/avatar\\\/18284576904894c82ec98c34d0656671e1dc2c7bb1bfbe7743bdfdd73ca15dce?s=96&d=mm&r=g\",\"caption\":\"admin6931\"},\"url\":\"https:\\\/\\\/www.maisonbeausoleil.fr\\\/index.php\\\/author\\\/admin6931\\\/\"}]}<\/script>\n<!-- \/ Yoast SEO plugin. -->","yoast_head_json":{"title":"D\u00e9marches - Maison passive bioclimatique ossature bois isolation paille","description":"Permis de construire pour la construction d'une maison passive \u00e0 isolation paille en Mayenne, Sarthe, Maine et Loire, Vend\u00e9e","robots":{"index":"index","follow":"follow","max-snippet":"max-snippet:-1","max-image-preview":"max-image-preview:large","max-video-preview":"max-video-preview:-1"},"canonical":"https:\/\/www.maisonbeausoleil.fr\/index.php\/maison-construction-ossature-bois-isolation-paille\/projet-construction-maison-bioclimatique-isolation-paille\/permis-de-construire-maisons-passive-isolation-paille\/","og_locale":"fr_FR","og_type":"article","og_title":"D\u00e9marches - Maison passive bioclimatique ossature bois isolation paille","og_description":"Permis de construire pour la construction d'une maison passive \u00e0 isolation paille en Mayenne, Sarthe, Maine et Loire, Vend\u00e9e","og_url":"https:\/\/www.maisonbeausoleil.fr\/index.php\/maison-construction-ossature-bois-isolation-paille\/projet-construction-maison-bioclimatique-isolation-paille\/permis-de-construire-maisons-passive-isolation-paille\/","og_site_name":"Maison passive bioclimatique ossature bois isolation paille","article_publisher":"https:\/\/www.facebook.com\/maisonenergiepositive\/?locale=fr_FR","article_modified_time":"2025-10-23T09:44:39+00:00","twitter_card":"summary_large_image","twitter_site":"@UC0WxY73_wQkCxambOiOLiGQ","twitter_misc":{"Dur\u00e9e de lecture estim\u00e9e":"2 minutes"},"schema":{"@context":"https:\/\/schema.org","@graph":[{"@type":"Article","@id":"https:\/\/www.maisonbeausoleil.fr\/index.php\/maison-construction-ossature-bois-isolation-paille\/projet-construction-maison-bioclimatique-isolation-paille\/permis-de-construire-maisons-passive-isolation-paille\/#article","isPartOf":{"@id":"https:\/\/www.maisonbeausoleil.fr\/index.php\/maison-construction-ossature-bois-isolation-paille\/projet-construction-maison-bioclimatique-isolation-paille\/permis-de-construire-maisons-passive-isolation-paille\/"},"author":{"name":"admin6931","@id":"https:\/\/www.maisonbeausoleil.fr\/#\/schema\/person\/e9806009e68358fb7932a7ad6e9b0df6"},"headline":"D\u00e9marches","datePublished":"2016-07-04T14:54:43+00:00","dateModified":"2025-10-23T09:44:39+00:00","mainEntityOfPage":{"@id":"https:\/\/www.maisonbeausoleil.fr\/index.php\/maison-construction-ossature-bois-isolation-paille\/projet-construction-maison-bioclimatique-isolation-paille\/permis-de-construire-maisons-passive-isolation-paille\/"},"wordCount":504,"publisher":{"@id":"https:\/\/www.maisonbeausoleil.fr\/#organization"},"inLanguage":"fr-FR"},{"@type":["WebPage","CollectionPage"],"@id":"https:\/\/www.maisonbeausoleil.fr\/index.php\/maison-construction-ossature-bois-isolation-paille\/projet-construction-maison-bioclimatique-isolation-paille\/permis-de-construire-maisons-passive-isolation-paille\/","url":"https:\/\/www.maisonbeausoleil.fr\/index.php\/maison-construction-ossature-bois-isolation-paille\/projet-construction-maison-bioclimatique-isolation-paille\/permis-de-construire-maisons-passive-isolation-paille\/","name":"D\u00e9marches - Maison passive bioclimatique ossature bois isolation paille","isPartOf":{"@id":"https:\/\/www.maisonbeausoleil.fr\/#website"},"datePublished":"2016-07-04T14:54:43+00:00","dateModified":"2025-10-23T09:44:39+00:00","description":"Permis de construire pour la construction d'une maison passive \u00e0 isolation paille en Mayenne, Sarthe, Maine et Loire, Vend\u00e9e","breadcrumb":{"@id":"https:\/\/www.maisonbeausoleil.fr\/index.php\/maison-construction-ossature-bois-isolation-paille\/projet-construction-maison-bioclimatique-isolation-paille\/permis-de-construire-maisons-passive-isolation-paille\/#breadcrumb"},"inLanguage":"fr-FR"},{"@type":"BreadcrumbList","@id":"https:\/\/www.maisonbeausoleil.fr\/index.php\/maison-construction-ossature-bois-isolation-paille\/projet-construction-maison-bioclimatique-isolation-paille\/permis-de-construire-maisons-passive-isolation-paille\/#breadcrumb","itemListElement":[{"@type":"ListItem","position":1,"name":"Accueil","item":"https:\/\/www.maisonbeausoleil.fr\/index.php\/construire-en-paille-mayenne-53\/"},{"@type":"ListItem","position":2,"name":"En savoir +","item":"https:\/\/www.maisonbeausoleil.fr\/index.php\/maison-construction-ossature-bois-isolation-paille\/"},{"@type":"ListItem","position":3,"name":"LE PROJET","item":"https:\/\/www.maisonbeausoleil.fr\/index.php\/maison-construction-ossature-bois-isolation-paille\/projet-construction-maison-bioclimatique-isolation-paille\/"},{"@type":"ListItem","position":4,"name":"D\u00e9marches"}]},{"@type":"WebSite","@id":"https:\/\/www.maisonbeausoleil.fr\/#website","url":"https:\/\/www.maisonbeausoleil.fr\/","name":"Maison passive bioclimatique \u00e0 isolation paille","description":"JY Gommerel dessine votre maison passive bioclimatique isolation paille en Mayenne","publisher":{"@id":"https:\/\/www.maisonbeausoleil.fr\/#organization"},"alternateName":"Maison passive bioclimatique \u00e0 isolation paille en Mayenne 53","potentialAction":[{"@type":"SearchAction","target":{"@type":"EntryPoint","urlTemplate":"https:\/\/www.maisonbeausoleil.fr\/?s={search_term_string}"},"query-input":{"@type":"PropertyValueSpecification","valueRequired":true,"valueName":"search_term_string"}}],"inLanguage":"fr-FR"},{"@type":"Organization","@id":"https:\/\/www.maisonbeausoleil.fr\/#organization","name":"Maison passive bioclimatique \u00e0 isolation paille","alternateName":"Maison passive bioclimatique \u00e0 isolation paille en Mayenne 53","url":"https:\/\/www.maisonbeausoleil.fr\/","logo":{"@type":"ImageObject","inLanguage":"fr-FR","@id":"https:\/\/www.maisonbeausoleil.fr\/#\/schema\/logo\/image\/","url":"https:\/\/www.maisonbeausoleil.fr\/wp-content\/uploads\/2021\/12\/LOGO-BEAUSOLEIL-FINAL.jpg","contentUrl":"https:\/\/www.maisonbeausoleil.fr\/wp-content\/uploads\/2021\/12\/LOGO-BEAUSOLEIL-FINAL.jpg","width":1080,"height":401,"caption":"Maison passive bioclimatique \u00e0 isolation paille"},"image":{"@id":"https:\/\/www.maisonbeausoleil.fr\/#\/schema\/logo\/image\/"},"sameAs":["https:\/\/www.facebook.com\/maisonenergiepositive\/?locale=fr_FR","https:\/\/x.com\/UC0WxY73_wQkCxambOiOLiGQ","https:\/\/www.gommerel-habitat-passif.com\/","https:\/\/www.youtube.com\/channel\/UC0WxY73_wQkCxambOiOLiGQ","https:\/\/www.instagram.com\/maison_passive_paille\/?hl=fr","https:\/\/www.facebook.com\/maisonenergiepositive\/"]},{"@type":"Person","@id":"https:\/\/www.maisonbeausoleil.fr\/#\/schema\/person\/e9806009e68358fb7932a7ad6e9b0df6","name":"admin6931","image":{"@type":"ImageObject","inLanguage":"fr-FR","@id":"https:\/\/secure.gravatar.com\/avatar\/18284576904894c82ec98c34d0656671e1dc2c7bb1bfbe7743bdfdd73ca15dce?s=96&d=mm&r=g","url":"https:\/\/secure.gravatar.com\/avatar\/18284576904894c82ec98c34d0656671e1dc2c7bb1bfbe7743bdfdd73ca15dce?s=96&d=mm&r=g","contentUrl":"https:\/\/secure.gravatar.com\/avatar\/18284576904894c82ec98c34d0656671e1dc2c7bb1bfbe7743bdfdd73ca15dce?s=96&d=mm&r=g","caption":"admin6931"},"url":"https:\/\/www.maisonbeausoleil.fr\/index.php\/author\/admin6931\/"}]}},"_links":{"self":[{"href":"https:\/\/www.maisonbeausoleil.fr\/index.php\/wp-json\/wp\/v2\/pages\/308","targetHints":{"allow":["GET"]}}],"collection":[{"href":"https:\/\/www.maisonbeausoleil.fr\/index.php\/wp-json\/wp\/v2\/pages"}],"about":[{"href":"https:\/\/www.maisonbeausoleil.fr\/index.php\/wp-json\/wp\/v2\/types\/page"}],"author":[{"embeddable":true,"href":"https:\/\/www.maisonbeausoleil.fr\/index.php\/wp-json\/wp\/v2\/users\/1"}],"replies":[{"embeddable":true,"href":"https:\/\/www.maisonbeausoleil.fr\/index.php\/wp-json\/wp\/v2\/comments?post=308"}],"version-history":[{"count":21,"href":"https:\/\/www.maisonbeausoleil.fr\/index.php\/wp-json\/wp\/v2\/pages\/308\/revisions"}],"predecessor-version":[{"id":2500,"href":"https:\/\/www.maisonbeausoleil.fr\/index.php\/wp-json\/wp\/v2\/pages\/308\/revisions\/2500"}],"up":[{"embeddable":true,"href":"https:\/\/www.maisonbeausoleil.fr\/index.php\/wp-json\/wp\/v2\/pages\/984"}],"wp:attachment":[{"href":"https:\/\/www.maisonbeausoleil.fr\/index.php\/wp-json\/wp\/v2\/media?parent=308"}],"curies":[{"name":"wp","href":"https:\/\/api.w.org\/{rel}","templated":true}]}}